 - -121. What are the prime factors of f?
43
Let n(x) = 2*x**2 + 6*x - 5. Let t be n(-4). Let j(u) = 13*u**2 + 7*u + 5. Let r be j(-4). Suppose t*k = -2*k + r. What are the prime factors of k?
37
Let t(m) = -m**3 - 9*m**2 - 3*m + 1. Let j = 10 - 16. Let l be t(j). Let b = -64 - l. What are the prime factors of b?
5
Suppose -3*j = 3*f - 1422, -9*j + f = -12*j + 1420. What are the prime factors of j?
11, 43
What are the prime factors of (-4908)/9*(-8)/((-48)/(-45))?
2, 5, 409
Suppose 2368 = 5*s - 3492. What are the prime factors of (-6)/30 - s/(-10)?
3, 13
Let v = -3 + 5. Let l = -5 + 6. Suppose 2*g = -5*b + 86, -b = -v*g + l - 11. List the prime factors of b.
2
Let b(i) = -9*i**2 + 3 + 2*i + 11*i**2 - 8 + 11*i + 7*i**3. Let a(t) = -4*t**3 - t**2 - 7*t + 3. Let k(s) = -5*a(s) - 3*b(s). List the prime factors of k(-3).
2, 3, 5
Let t = 2892 - 1607. List the prime factors of t.
5, 257
Let m be (-6)/(-21) - (-47)/7. Suppose m*j - 6*j + 6 = 0. List the prime factors of ((-16)/(-6))/((-2)/j).
2
Let q be (10/(-8))/(15/(-60)). Suppose -m + 121 = -2*c, 0*m = q*c + 2*m + 307. Let o = c + 92. What are the prime factors of o?
31
Let r be 3/(-12) + 9/4. Suppose -5*f = -r*f - 12, -5*f - 13 = 3*h. Let p = h + 23. List the prime factors of p.
2, 3
List the prime factors of 314571/987 - (1 + (-9)/7).
11, 29
Suppose 3885 = -14*j + 19*j. What are the prime factors of j?
3, 7, 37
Let f = -2670 + 4151. List the prime factors of f.
1481
Let n(l) = l + 6. Let k(j) = -2*j - 11. Let b(m) = -4*k(m) - 7*n(m). Let f be b(-6). Let d(r) = r**2 - 4*r - 6. List the prime factors of d(f).
2, 13
Let u(t) = -t + 4. Let f be (-1)/(((-12)/20)/(-3)). Let w = -9 - f. What are the prime factors of u(w)?
2
Suppose 25*j = 79798 + 74077. What are the prime factors of j?
5, 1231
Suppose -10 = -g + 3*l - 0*l, -4*g + 3*l = -31. Suppose -8*m + 1 = -g*m. Let n(v) = 10*v**3. List the prime factors of n(m).
2, 5
Suppose 6*o = o + 50. Suppose -5*n + o = -4*l - 11, 3*n = -2*l - 27. List the prime factors of (3 + -2)*l*-1.
3
Let s(g) = g**2 + 4*g - 13. Suppose l + 5*u = 31, 3*l + 4*u = -20 + 58. What are the prime factors of s(l)?
47
Let f(z) = 156*z**2 - z + 4. List the prime factors of f(2).
2, 313
What are the prime factors of -1*((-18547)/34 - (-3)/(-2))?
547
What are the prime factors of 6/(-14) - (-80964)/364?
2, 3, 37
Let b be 264 + -2 - (-4)/(-2). Suppose -4*u = -4*m + b, 5*m + 2*u - 293 = -u. List the prime factors of m.
61
Let d be (-418)/(-33) - (-2)/6. Let h = -8 + d. Suppose -h*t + 6*t - 60 = 0. List the prime factors of t.
2, 3, 5
Suppose m + 2*m + 78 = 0. Let j be 299/m*16/(-2). Suppose 0*v = 4*v - j. List the prime factors of v.
23
Let t = 3346 - 2268. List the prime factors of t.
2, 7, 11
Let x(r) = -8*r - 2*r + 3*r - r**3 + 8*r**2. Let g be x(7). Suppose g = 3*a + 5*b - 82, 29 = 5*a + b - 71. List the prime factors of a.
19
Suppose -9*q - 70 = -14*q. Suppose -537 = -4*x - 3*d, -3*d - 1 - q = 0. List the prime factors of x.
2, 3, 23
Let y(c) = -5*c**2 - 26*c - 48. Let w(z) = -2*z**2 - 9*z - 16. Let u(r) = -8*w(r) + 3*y(r). What are the prime factors of u(13)?
3, 5
Suppose -25 = -n - 5*z + 7, 2*n - 4*z - 8 = 0. List the prime factors of (1 + 1)*(121 - n).
2, 109
Suppose 4*y + 55 = 3*f + 18, -5*f = 2*y - 27. Suppose -f*b - 25 = -2*b, -95 = -2*j + 5*b. What are the prime factors of j?
5, 7
Let y(z) = -z**3 + 4*z**2 - 8*z + 34. List the prime factors of y(-7).
17, 37
Let u(w) = w**2 - 6*w + 223. Let i = -41 + 41. What are the prime factors of u(i)?
223
Let b = 832 + -208. List the prime factors of b.
2, 3, 13
Let k = 40 + -5. Let x = k - -68. What are the prime factors of x?
103
Suppose -5*q = -2*h + 38, -2*q + 10 = -h + 28. Let m(o) = o**2 - 15*o - 10. Let l be m(h). Let s = l + 44. What are the prime factors of s?
2, 5
Let n = 1 - -5. List the prime factors of (2/n)/(2/522).
3, 29
Let t = 385 + 90. List the prime factors of t.
5, 19
Suppose -2*x = -2*m - 4, -2*m - 25 = 2*x + 3*x. Let b be ((-27)/(-3))/(2 + x). What are the prime factors of (210/b)/(4/(-6))?
5, 7
Let r = 20 - 0. Let d be (4 + -3)*(r + -1). Suppose 0*h - 4*h + 4*b = -36, -3*h = b - d. What are the prime factors of h?
7
Let q(r) = -4*r - 16. Let b be q(-5). Suppose 3*h - b = 7*h. Let o(u) = -78*u**3 + 2*u**2 - 1. List the prime factors of o(h).
79
Suppose -2*s - 5 = -n - 13, 3*n - 5*s + 21 = 0. Let w be ((-16)/(-28))/(n/(-14)). Suppose -3*m = 4*c - 105, -w*c + 105 = -2*m - 5. List the prime factors of c.
3
Suppose 0 = 2*j - 58 - 284. Let o = j + -51. What are the prime factors of o?
2, 3, 5
List the prime factors of 762 + 0 + 1/2*-10.
757
What are the prime factors of (-11)/(55/50) - -1724?
2, 857
Suppose 279 = 4*y - 3*i - 532, -y + 3*i + 214 = 0. Let d = 341 - y. List the prime factors of d.
2, 71
Let l(n) = 40*n**2 - n. Let t(a) be the second derivative of -a**3/6 - a**2/2 + 12*a. Let q be t(-2). What are the prime factors of l(q)?
3, 13
Let y be (-765)/(-7) + (16/14)/(-4). Suppose 4*l - y = 343. What are the prime factors of l?
113
Suppose 5*a - 5 = 5. Suppose 0*y - 220 = -a*y. Suppose 55 = 3*s - 3*m - 23, m = 4*s - y. What are the prime factors of s?
2, 7
Let i(l) = 10*l**2 - 4*l + 13. List the prime factors of i(-7).
3, 59
Suppose -5*z - 8*r + 4*r = -5760, 0 = 4*z + r - 4597. What are the prime factors of z?
2, 7, 41
Let r(w) = -3*w + 1. Let k be 14/(-18) + 4/(-18). Let n be r(k). Suppose 0 = p - n*p + 81. What are the prime factors of p?
3
Suppose -71 = -w + 3*i + 362, -2*w + 5*i = -870. List the prime factors of w.
5, 89
Let p(z) be the third derivative of 0 + 0*z - 5/6*z**3 + 6*z**2 - 1/6*z**4. List the prime factors of p(-8).
3
Suppose -15*p + 17169 - 1584 = 0. What are the prime factors of p?
1039
List the prime factors of -2875*(2 - 84/35).
2, 5, 23
Suppose -2*s = 12*s - 18130. List the prime factors of s.
5, 7, 37
Let n(y) = y**3 + 12*y**2 + 8*y - 25. Let b be n(-11). Suppose -13*q = -b*q - 385. List the prime factors of q.
7, 11
Let w = -6 + 19. Let p = -11 + w. Suppose 16 + 48 = p*q. List the prime factors of q.
2
What are the prime factors of 33/2*(-11408)/(-186)?
2, 11, 23
Let z be 3/15 + (-117)/(-15). Let u be 27/36 + 26/z. Suppose -26 - u = -5*w. List the prime factors of w.
2, 3
Let o = -11 - -71. Let r be 20/(-25) + (-3 - (-116)/20). Suppose -d + o = r*d. What are the prime factors of d?
2, 5
List the prime factors of 3*394/(-18)*-1*12.
2, 197
Let u(q) = -q**3 + 9*q**2 - 5*q + 13. Let v be u(9). Let c = -27 - v. Suppose 0*b - b = -2*i - 8, 0 = -3*b - c*i + 68. List the prime factors of b.
2
Suppose -5160 = -33*a + 9*a. List the prime factors of a.
5, 43
Let t be 204/(-60) + -1 + (-4)/(-10). List the prime factors of (-857)/t - ((-3)/4 + 1).
2, 107
Let t(a) = -5 + 41*a + 42*a - 7*a. List the prime factors of t(3).
223
Let h = -46 - -46. Suppose h = 4*k + s - 235 - 301, -3*s - 387 = -3*k. List the prime factors of k.
7, 19
Let v(l) = l**2 - 3*l - 6. Let k(q) = q**2 - 2*q - 6. Let f(n) = 4*k(n) - 3*v(n). What are the prime factors of f(4)?
2, 7
Let b = 3 - 9. Let v(m) = -m**3 - 7*m**2 - 2*m - 3. Let c be v(b). Let f = c + 40. What are the prime factors of f?
13
Let r = 3 + -3. List the prime factors of (r + -1)*(-1 + -3).
2
Let p = 202 + -24. List the prime factors of p.
2, 89
Let c be (-1 + 0 - 17) + 1. Let g = 69 + c. Suppose 6*w - g = 2*w. List the prime factors of w.
13
Suppose -i + 5*x = i - 101, -2*i + 3*x = -91. Suppose l + l = i. Suppose -3*y + l + 5 = 0. List the prime factors of y.
2
Let o = 5484 + -3683. List the prime factors of o.
1801
Let c(f) = -f**2 - 8*f - 13. Let z be c(-3). Suppose -z*g = 7 + 5. Let y(v) = -13*v - 25. List the prime factors of y(g).
53
What are the prime factors of -2 - (-2394)/5 - (-2)/10?
3, 53
Let m(t) = -17*t - 2. Let q(k) = 13*k + 0 - 11*k**2 - 14 - 5*k**2 + k**3 + 3*k**2. Let u be q(12). What are the prime factors of m(u)?
2
Let g = -27 + 118. Let q = g + -37. Suppose -j = h - q, -4*h - j = h - 250. What are the prime factors of h?
7
Suppose -17*u + 16119 + 15433 = 0. List the prime factors of u.
2, 29
Let p be 26/(-1 - -3 - 1). Let i = -22 + p. Suppose 0*r + 5*v = 2*r - 43, 0 = i*v - 4. List the prime factors of r.
2, 3
Let d = 5143 + -2950. What are the prime factors of d?
3, 17, 43
Let l = 29 + 108. What are the prime factors of l?
137
Let v(h) = -67 + 